2. Let w(y) = -7*y**2 - 3*y - 1. Let v(k) = z*w(k) - 4*x(k). Calculate v(-5).
19
Suppose -2*i - 4 = -5*p - 15, -2 = 2*p. Let a(f) = 3*f - i - 7 - 2*f + 2. Determine a(-10).
-18
Let q(b) = 4*b**2 + 38*b + 21. Let c(n) = -5*n**2 - 46*n - 20. Let d(k) = -5*c(k) - 6*q(k). What is d(-8)?
22
Suppose 12 = 4*d, -4*o - 4*d = -51 + 31. Let y(c) be the second derivative of -1/20*c**5 + 5/12*c**4 + c**3 - 1/2*c**o - 23*c + 0. Give y(6).
-1
Let y(u) = 2*u - 8. Let z be (4 + -2)*1/(-2). Let b(s) = -1. Let d(c) = z*y(c) + 5*b(c). What is d(-4)?
11
Let f(m) = -201*m**2 - 384*m - 55. Let t(c) = -177*c**2 - 336*c - 48. Let u(k) = -22*f(k) + 25*t(k). Calculate u(18).
-98
Let c(a) = 4*a - 1. Let p be (5/(-15))/((-6)/(-54)). Let u(z) = 4*z - 1. Let x(i) = p*c(i) + 2*u(i). Calculate x(1).
-3
Let m(x) = x**3 + 18*x**2 + 15*x - 2. Suppose 3*h = -5*y - 79, 0 = -3*y + 3*h + 40 - 97. Calculate m(y).
32
Let f(j) be the second derivative of j**7/2520 + j**6/720 + 22*j**4/3 + 31*j. Let w(l) be the third derivative of f(l). What is w(-1)?
0
Let p(t) = -8*t**3 - t - 1. Let n(d) = 874*d + 5243. Let r be n(-6). What is p(r)?
8
Suppose 0 = -0*h - 2*h + 7*h. Suppose h = 3*f + 10 - 22. Let p(c) = -2 + 5 - f + 5*c + 5. Determine p(4).
24
Let i(r) = -3. Let d(o) = -o + 2*o + 1 - 2. Suppose 16*m + t + 2 = 20*m, 3*t - 26 = -4*m. Let g(z) = m*d(z) - i(z). Calculate g(-3).
-5
Suppose 0 = 2*b + o + 224 + 222, -b - 4*o = 209. Let x = b + 225. Let l(t) = t**3 + t**2 + t - 2. Give l(x).
-2
Suppose -40*d + 39*d + 10 = 0. Let x(y) = 2*y + y**2 - 2 - y**3 + y - 8*y + d*y. Let k(n) = -n**3 - n**2 + n + 3. Let t be k(0). Give x(t).
-5
Suppose -34*s + 2342 = -5444. Let t = s - 225. Let w(c) = -c**3 + 4*c**2 - 2*c + 7. Calculate w(t).
-1
Let u(a) = 4*a - 13. Let q(i) = i**3 - 13*i**2 - 93*i + 46. Let t be q(18). What is u(t)?
-45
Suppose 15 = 2*p + 3. Let t(c) be the first derivative of 2*c**2 + c - 203. Calculate t(p).
25
Let b(g) = 3*g**2 + 26*g + 18. Let z(a) = -38*a**2 - 323*a - 215. Let v(w) = 25*b(w) + 2*z(w). Give v(7).
-1
Let i be 1/(9/6) - 42/(-18). Suppose -6*n + 27 = -i. Let h(p) = 3*p**2 - 4*p + 5. Let j(g) = 4*g**2 - 6*g + 7. Let k(y) = 5*h(y) - 4*j(y). Calculate k(n).
-8
Let p(o) = -2*o + 4. Let c be 32/40 + (-470)/25. Let r be 75/10*c/(-15). Calculate p(r).
-14
Let o(u) = u - 7. Suppose 5*h + 43 - 332 = -2*k, -3*h = 3*k - 168. Let c = 64 - h. What is o(c)?
-2
Let g(l) be the third derivative of 19*l**6/60 + l**4/12 - l**3/6 - 2*l**2 - 1090*l. Calculate g(1).
39
Let h(f) = f**3 + 8*f**2 + f - 9. Let n be (-6)/(16 + -7 + 8/(-1)). Give h(n).
57
Let n(z) = -z**3 - 6*z**2 + 14*z + 31. Let b be 3/(((-3)/(-4))/((-119)/68)). What is n(b)?
-18
Let x be (-29 - -27 - (-152)/(-6))*-12. Let p(v) = -334*v**3 - 11*v - 7*v**2 + 663*v**3 - x*v**3 - 3. Determine p(8).
-27
Let w(z) = -12 - 130*z + z**2 + 7 - 3 + 120*z - 8. What is w(6)?
-40
Let i(h) be the first derivative of 37*h**3/3 + 3*h**2 + 5*h - 728. What is i(-1)?
36
Let i(r) = -r**2 + 4*r. Let b(p) = 6*p + 1. Let n be b(9). Let m = 17 - n. Let w = -34 - m. Give i(w).
0
Let p(w) = -6*w - 43. Suppose 102 = -5*k + 5*i - 8, -4 = k + 5*i. What is p(k)?
71
Suppose 5*t - 5*j = -j + 25, -t + j + 5 = 0. Let g(h) = -17*h**3 + 10*h**2 - h. Let c(n) = 81*n**3 - 49*n**2 + 5*n + 1. Let y(r) = 4*c(r) + 19*g(r). Give y(t).
-16
Let g(q) = 9*q + 130. Let w = -5848 + 5833. Calculate g(w).
-5
Let i(y) = 3*y + 7. Let x = 272 - 249. Suppose x*r + 31 = -107. What is i(r)?
-11
Let b = -11 - -14. Suppose 7*w - 8 = b*w. Let n(f) = -f - f**2 + 2 - w - 3. Give n(-3).
-9
Let g(q) = -q**3 - 11*q**2 - 10*q + 27. Let r be g(-9). Let h = 63 + r. Let k be h + -11 + -3 + 0. Let y(i) = -i**2 + 6*i - 1. What is y(k)?
7
Suppose 34*t + 120 - 52 = 0. Let f(y) = -6*y**2 - 3*y - 2. Determine f(t).
-20
Let j(v) = 17*v - 124. Let l be 2 - 5/((-70)/(-36)) - 14416/(-1904). What is j(l)?
-5
Let h(i) = 1 + i**3 - 393*i + 6*i**2 + 458*i - 23*i**2. What is h(6)?
-5
Let p(b) = -71 - 11544*b**3 + 11545*b**3 + b - b. What is p(0)?
-71
Let i(d) = -3*d**2 - 2*d + 6. Let n(t) = -8*t**2 - 5*t + 14. Let g = 14 + -12. Let v(p) = g*n(p) - 5*i(p). Give v(-2).
-6
Let t(h) = -32*h - 378. Let x(s) = 27*s + 344. Let j(o) = 6*t(o) + 7*x(o). Determine j(43).
11
Let b(r) = -2*r - 8. Suppose 55*a - 26*a = 12*a. Determine b(a).
-8
Let k(a) = -2 - 2*a**3 - 26*a**2 + 54*a**2 - 27*a**2 + a. What is k(2)?
-12
Let m be 9/1 - (-4 + 0)*-1. Suppose -m*d + 2*d + 12 = 0. Suppose -d*x + 6*x + 6*x = 0. Let h(n) = n - 16. Determine h(x).
-16
Let l = 59 + -57. Let a(y) = 60*y + 6 - 110*y - y**2 + 59*y + 8*y**l - y**3. Give a(8).
14
Let p(t) = t**2 - t + 1. Suppose 3*l - 4*o - 50 = -0*o, -60 = -5*l - 5*o. Suppose 5*y = l*y. Calculate p(y).
1
Let b(h) be the second derivative of 0 + 1/3*h**3 + 86*h + 4*h**2. What is b(-6)?
-4
Let k be (-8)/(-80) + (-483)/(-70). Let p(c) = c**3 - 8*c**2 + 10*c - 15. Give p(k).
6
Let b(u) = 8*u**2 + 76*u + 162. Let a be b(-3). Let i(x) = 10*x - 7. Let n(l) = 15*l - 10. Let t(d) = 7*i(d) - 5*n(d). Calculate t(a).
-29
Suppose -4*w + 5 = -i - 37, 0 = -w - 6*i + 23. Let t(z) = -5*z**3 + 15*z**2 + 6*z + 14. Let q(l) = -l**3 + l**2 + l. Let r(y) = -4*q(y) + t(y). Give r(w).
36
Let g(u) = -2*u**2 - 14*u - 4. Let m be g(-6). Let t be (-19)/m + 39/104. Let n(y) = -5*y + 2. What is n(t)?
12
Let o = -342 - -343. Let m(w) = 22*w + 11. Let q(k) = -21*k - 14. Let h(t) = 5*m(t) + 4*q(t). Calculate h(o).
25
Suppose 4*u - 655*q = -654*q + 25, 28 = 5*u + 2*q. Let d(x) = -x**3 + 9*x**2 - 11*x - 32. Calculate d(u).
10
Let w = -41 + 29. Let p = 4 + w. Let g(m) be the third derivative of m**5/60 + m**4/4 - 11*m**3/6 + 6*m**2. Calculate g(p).
5
Suppose 337*x + 380 - 119 = 76*x. Let p(q) be the second derivative of 6*q**3 + q. What is p(x)?
-36
Suppose 8*h - 4 = 2*w + 3*h, -4*w - 30 = h. Let j(u) = 9*u + 9. What is j(w)?
-54
Let f = -773 + 766. Let d(a) = -a**2 - 2*a + 17. Let h(s) = -2*s**2 - 5*s + 38. Let c(l) = f*d(l) + 3*h(l). Calculate c(0).
-5
Let k(q) = q**2 - 4*q - 2. Let x be (-11)/(385/(-10))*14. Let p be k(x). Let n(j) be the second derivative of -j**3/6 - 2*j**2 + 22*j. Determine n(p).
-2
Suppose 2*m = 4*s - 2*m - 20, -m - 17 = -4*s. Let d be -2*1/s + (-15)/10. Let r(v) = -5*v - 2. Give r(d).
8
Let v(l) = l + 1. Let o(m) = m**2 + 7*m + 4. Let p(g) = -o(g) + 2*v(g). Let h = 696 - 409. Let s = h - 292. Calculate p(s).
-2
Suppose 2*t + 1 - 12 = -n, 0 = 3*t + n - 14. Let i = -40 + 42. Let o(l) = 6*l - 2*l**2 - 2 + 8*l**3 - 7*l**3 - l - 3*l**i. What is o(t)?
-5
Let i = -7 - -3. Let y(o) = 16*o - 2. Let c(x) = 55*x - 7. Let t(d) = -2*c(d) + 7*y(d). What is t(i)?
-8
Let r(c) = c**3 - c**2 - 22*c + 38. Let t be r(4). Let n(z) = 3*z**3 + 3*z**2 + 7*z + 10. Give n(t).
-16
Let x(j) = 5*j**2 + 2*j + 10 - 4*j**2 - 10*j - 3. Let l(p) = p**2 - 3*p - 10. Suppose 2*f + 0*f - 6 = 0, -5*o = 5*f - 45. Let n be l(o). What is x(n)?
7
Let j(g) = 2*g**2 - 26*g + 116. Let c be j(16). Let t = 206 - c. Let q(i) = -3*i - 6. Determine q(t).
12
Let f(h) be the third derivative of 5/6*h**3 - 1/12*h**4 + 0 + 0*h + 63*h**2. Let c = -18 + 13. Determine f(c).
15
Let x = 53 - 35. Let h = x + -24. Let p(f) = 8*f + 3*f - f**2 - 7*f + 2*f**2 + 0*f**2 + 2. Calculate p(h).
14
Let l(b) be the third derivative of -77*b**4/24 - b**3/6 - 3*b**2 - 4*b. Determine l(1).
-78
Let c be 3/1 + (-3)/3. Let v(z) = 16*z**2 + 1. Let p(t) = 54*t**2 + t + 3. Let s(q) = 2*p(q) - 7*v(q). Give s(c).
-13
Let m(i) = -i**2 + 2. Let f(s) = 4*s**2 - 2*s - 4. Suppose 85*g + 2 = 87*g. Let b(h) = g*f(h) + 5*m(h). Determine b(-4).
-2
Let x(m) be the third derivative of 0*m - 128*m**2 + 0 + 1/24*m**4 + 5/6*m**3. What is x(-5)?
0
Let g(q) = -q**3 + 4*q**2 + 3*q + 12. Let k = 741 + -584. Suppose -2*t - k + 167 = 0. Determine g(t).
2
Let x(t) = -t**2 + 8*t - 4. Let d(q) = -q**3 - q**2 + 2*q + 6. Let s be d(0). Let m be 9/4*168/s. Suppose 7*c + 2*c = m. Determine x(c).
3
Let r(v) = 14*v - 57. Let p be (184/(-368))/(3/4*(-4)/36). Give r(p).
27
Suppose 0 = -7*s + 12*s + 5. Let a(p) = -30*p - 5. Let t(r) = -22*r - 4. Let g(j) = -5*a(j) + 6*t(j). Calculate g(s).
-17
Let j(p) = 7*p + 2. Suppose 4*x = g + g - 746, -25 = -5*g. Let l = 183 + x. What is j(l)?
-5
Let g(v) = 10*v**2 + 2*v + 5. Let q(y) = y**2 + 1. Let r(f) = -g(f) + 6*q(f). Let s = 304 - 352. Let x be (-12)/(-32) + 114/